{"id":2384,"date":"2023-05-03T12:47:47","date_gmt":"2023-05-03T12:47:47","guid":{"rendered":"https:\/\/servicios.cnss.gob.do\/mes_seguridad_social_new\/?page_id=2384"},"modified":"2023-05-03T12:47:48","modified_gmt":"2023-05-03T12:47:48","slug":"maribel-k-justo-suarez","status":"publish","type":"page","link":"https:\/\/servicios.cnss.gob.do\/mes_seguridad_social_new\/maribel-k-justo-suarez\/","title":{"rendered":"Maribel K. Justo Su\u00e1rez"},"content":{"rendered":"\n<p>Candidata a Doctorado (Ph.D.) en el Programa de Doctorado en Administraci\u00f3n y Direcci\u00f3n de Empresas. Universidad Pablo de Olavide, Sevilla, Espa\u00f1a con Certificado-Diploma de Estudios Avanzados de Tercer Ciclo (DEA) en el mismo Programa. Diplomado Internacional en Prevenci\u00f3n y Resoluci\u00f3n de Conflictos, Maestr\u00eda en Administraci\u00f3n de Empresa y Licenciatura en Administraci\u00f3n de Empresas de la Pontificia de la Universidad Cat\u00f3lica Madre y Maestra, Santo Domingo, Rep\u00fablica Dominicana.<\/p>\n\n\n\n<p>En el \u00e1mbito laboral ha sido Coordinadora del Programa EPIFANIA PUCMM-MINERD-MINERD-ADRU-PNUD del Centro de Investigaci\u00f3n en Educaci\u00f3n y Desarrollo Humano (CIEDHumano) de la Pontificia Universidad Cat\u00f3lica Madre y Maestra (PUCMM), y Coordinadora Componente de Gesti\u00f3n del Programa Estrategia de Formaci\u00f3n Continua Centrada en la Escuela. Proyecto PUCMM-INAFOCAM-MINERD. Igualmente, consultora de Recursos Humanos de la Direcci\u00f3n General Impuestos Internos (DGII). Igualmente, ha sido Encargada del Decanato de Estudios Graduado de la Pontificia Universidad Cat\u00f3lica Madre y Maestra (PUCMM), Recinto Santo Tom\u00e1s de Aquino, Santo Domingo, Rep\u00fablica Dominicana. Actualmente se desempe\u00f1a como Encargada de Programas Educativos del Consejo Nacional&nbsp;&nbsp;&nbsp;&nbsp; de Seguridad Social (CNSS).<\/p>\n\n\n\n<p>Ha compartido su experiencia profesional con la acad\u00e9mica desempe\u00f1\u00e1ndose como Docente de la Escuela de Administraci\u00f3n de Empresas en los niveles de Grado y Postgrado de la Pontificia Universidad Cat\u00f3lica Madre y Maestra (PUCMM), Recinto Santo Tom\u00e1s de Aquino, Santo Domingo, Rep\u00fablica Dominicana.<\/p>\n","protected":false},"excerpt":{"rendered":"<p>Candidata a Doctorado (Ph.D.) en el Programa de Doctorado en Administraci\u00f3n y Direcci\u00f3n de Empresas. Universidad Pablo de Olavide, Sevilla, Espa\u00f1a con Certificado-Diploma de Estudios Avanzados de Tercer Ciclo (DEA) en el mismo Programa. Diplomado Internacional en Prevenci\u00f3n y Resoluci\u00f3n de Conflictos, Maestr\u00eda en Administraci\u00f3n de Empresa y Licenciatura en Administraci\u00f3n de Empresas de la Pontificia de la Universidad Cat\u00f3lica&#8230;<\/p>\n","protected":false},"author":1,"featured_media":2292,"parent":0,"menu_order":0,"comment_status":"closed","ping_status":"closed","template":"","meta":{"_monsterinsights_skip_tracking":false,"_monsterinsights_sitenote_active":false,"_monsterinsights_sitenote_note":"","_monsterinsights_sitenote_category":0,"footnotes":""},"class_list":["post-2384","page","type-page","status-publish","has-post-thumbnail","hentry"],"yoast_head":"<!-- This site is optimized with the Yoast SEO plugin v20.2.1 - https:\/\/yoast.com\/wordpress\/plugins\/seo\/ -->\r\n<title>Maribel K. Justo Su\u00e1rez - Mes de la Seguridad Social<\/title>\r\n<meta name=\"description\" content=\"Maribel K. Justo Su\u00e1rez esCandidata a Doctorado (Ph.D.) en el Programa de Doctorado en Administraci\u00f3n y Direcci\u00f3n de Empresas.\" \/>\r\n<meta name=\"robots\" content=\"index, follow, max-snippet:-1, max-image-preview:large, max-video-preview:-1\" \/>\r\n<link rel=\"canonical\" href=\"https:\/\/servicios.cnss.gob.do\/mes_seguridad_social_new\/maribel-k-justo-suarez\/\" \/>\r\n<meta property=\"og:locale\" content=\"es_ES\" \/>\r\n<meta property=\"og:type\" content=\"article\" \/>\r\n<meta property=\"og:title\" content=\"Maribel K. Justo Su\u00e1rez - Mes de la Seguridad Social\" \/>\r\n<meta property=\"og:description\" content=\"Maribel K. Justo Su\u00e1rez esCandidata a Doctorado (Ph.D.) en el Programa de Doctorado en Administraci\u00f3n y Direcci\u00f3n de Empresas.\" \/>\r\n<meta property=\"og:url\" content=\"https:\/\/servicios.cnss.gob.do\/mes_seguridad_social_new\/maribel-k-justo-suarez\/\" \/>\r\n<meta property=\"og:site_name\" content=\"Mes de la Seguridad Social\" \/>\r\n<meta property=\"article:modified_time\" content=\"2023-05-03T12:47:48+00:00\" \/>\r\n<meta property=\"og:image\" content=\"https:\/\/servicios.cnss.gob.do\/mes_seguridad_social_new\/wp-content\/uploads\/2023\/05\/Maribel-Justo-foto-1.png\" \/>\r\n\t<meta property=\"og:image:width\" content=\"1080\" \/>\r\n\t<meta property=\"og:image:height\" content=\"1080\" \/>\r\n\t<meta property=\"og:image:type\" content=\"image\/png\" \/>\r\n<meta name=\"twitter:card\" content=\"summary_large_image\" \/>\r\n<meta name=\"twitter:label1\" content=\"Tiempo de lectura\" \/>\n\t<meta name=\"twitter:data1\" content=\"1 minuto\" \/>\r\n<script type=\"application\/ld+json\" class=\"yoast-schema-graph\">{\"@context\":\"https:\/\/schema.org\",\"@graph\":[{\"@type\":\"WebPage\",\"@id\":\"https:\/\/servicios.cnss.gob.do\/mes_seguridad_social_new\/maribel-k-justo-suarez\/\",\"url\":\"https:\/\/servicios.cnss.gob.do\/mes_seguridad_social_new\/maribel-k-justo-suarez\/\",\"name\":\"Maribel K. Justo Su\u00e1rez - Mes de la Seguridad Social\",\"isPartOf\":{\"@id\":\"https:\/\/servicios.cnss.gob.do\/mes_seguridad_social_new\/#website\"},\"datePublished\":\"2023-05-03T12:47:47+00:00\",\"dateModified\":\"2023-05-03T12:47:48+00:00\",\"description\":\"Maribel K. Justo Su\u00e1rez esCandidata a Doctorado (Ph.D.) en el Programa de Doctorado en Administraci\u00f3n y Direcci\u00f3n de Empresas.\",\"breadcrumb\":{\"@id\":\"https:\/\/servicios.cnss.gob.do\/mes_seguridad_social_new\/maribel-k-justo-suarez\/#breadcrumb\"},\"inLanguage\":\"es\",\"potentialAction\":[{\"@type\":\"ReadAction\",\"target\":[\"https:\/\/servicios.cnss.gob.do\/mes_seguridad_social_new\/maribel-k-justo-suarez\/\"]}]},{\"@type\":\"BreadcrumbList\",\"@id\":\"https:\/\/servicios.cnss.gob.do\/mes_seguridad_social_new\/maribel-k-justo-suarez\/#breadcrumb\",\"itemListElement\":[{\"@type\":\"ListItem\",\"position\":1,\"name\":\"Portada\",\"item\":\"https:\/\/servicios.cnss.gob.do\/mes_seguridad_social_new\/\"},{\"@type\":\"ListItem\",\"position\":2,\"name\":\"Maribel K. Justo Su\u00e1rez\"}]},{\"@type\":\"WebSite\",\"@id\":\"https:\/\/servicios.cnss.gob.do\/mes_seguridad_social_new\/#website\",\"url\":\"https:\/\/servicios.cnss.gob.do\/mes_seguridad_social_new\/\",\"name\":\"Mes de la Seguridad Social\",\"description\":\"\",\"publisher\":{\"@id\":\"https:\/\/servicios.cnss.gob.do\/mes_seguridad_social_new\/#organization\"},\"potentialAction\":[{\"@type\":\"SearchAction\",\"target\":{\"@type\":\"EntryPoint\",\"urlTemplate\":\"https:\/\/servicios.cnss.gob.do\/mes_seguridad_social_new\/?s={search_term_string}\"},\"query-input\":\"required name=search_term_string\"}],\"inLanguage\":\"es\"},{\"@type\":\"Organization\",\"@id\":\"https:\/\/servicios.cnss.gob.do\/mes_seguridad_social_new\/#organization\",\"name\":\"Mes de la Seguridad Social\",\"url\":\"https:\/\/servicios.cnss.gob.do\/mes_seguridad_social_new\/\",\"logo\":{\"@type\":\"ImageObject\",\"inLanguage\":\"es\",\"@id\":\"https:\/\/servicios.cnss.gob.do\/mes_seguridad_social_new\/#\/schema\/logo\/image\/\",\"url\":\"https:\/\/servicios.cnss.gob.do\/mes_seguridad_social_new\/wp-content\/uploads\/2023\/04\/cropped-Semana-de-la-SS-2023-logo-2-01-1.jpg\",\"contentUrl\":\"https:\/\/servicios.cnss.gob.do\/mes_seguridad_social_new\/wp-content\/uploads\/2023\/04\/cropped-Semana-de-la-SS-2023-logo-2-01-1.jpg\",\"width\":1373,\"height\":1316,\"caption\":\"Mes de la Seguridad Social\"},\"image\":{\"@id\":\"https:\/\/servicios.cnss.gob.do\/mes_seguridad_social_new\/#\/schema\/logo\/image\/\"}}]}<\/script>\r\n<!-- \/ Yoast SEO plugin. -->","yoast_head_json":{"title":"Maribel K. Justo Su\u00e1rez - Mes de la Seguridad Social","description":"Maribel K. Justo Su\u00e1rez esCandidata a Doctorado (Ph.D.) en el Programa de Doctorado en Administraci\u00f3n y Direcci\u00f3n de Empresas.","robots":{"index":"index","follow":"follow","max-snippet":"max-snippet:-1","max-image-preview":"max-image-preview:large","max-video-preview":"max-video-preview:-1"},"canonical":"https:\/\/servicios.cnss.gob.do\/mes_seguridad_social_new\/maribel-k-justo-suarez\/","og_locale":"es_ES","og_type":"article","og_title":"Maribel K. Justo Su\u00e1rez - Mes de la Seguridad Social","og_description":"Maribel K. Justo Su\u00e1rez esCandidata a Doctorado (Ph.D.) en el Programa de Doctorado en Administraci\u00f3n y Direcci\u00f3n de Empresas.","og_url":"https:\/\/servicios.cnss.gob.do\/mes_seguridad_social_new\/maribel-k-justo-suarez\/","og_site_name":"Mes de la Seguridad Social","article_modified_time":"2023-05-03T12:47:48+00:00","og_image":[{"width":1080,"height":1080,"url":"https:\/\/servicios.cnss.gob.do\/mes_seguridad_social_new\/wp-content\/uploads\/2023\/05\/Maribel-Justo-foto-1.png","type":"image\/png"}],"twitter_card":"summary_large_image","twitter_misc":{"Tiempo de lectura":"1 minuto"},"schema":{"@context":"https:\/\/schema.org","@graph":[{"@type":"WebPage","@id":"https:\/\/servicios.cnss.gob.do\/mes_seguridad_social_new\/maribel-k-justo-suarez\/","url":"https:\/\/servicios.cnss.gob.do\/mes_seguridad_social_new\/maribel-k-justo-suarez\/","name":"Maribel K. Justo Su\u00e1rez - Mes de la Seguridad Social","isPartOf":{"@id":"https:\/\/servicios.cnss.gob.do\/mes_seguridad_social_new\/#website"},"datePublished":"2023-05-03T12:47:47+00:00","dateModified":"2023-05-03T12:47:48+00:00","description":"Maribel K. Justo Su\u00e1rez esCandidata a Doctorado (Ph.D.) en el Programa de Doctorado en Administraci\u00f3n y Direcci\u00f3n de Empresas.","breadcrumb":{"@id":"https:\/\/servicios.cnss.gob.do\/mes_seguridad_social_new\/maribel-k-justo-suarez\/#breadcrumb"},"inLanguage":"es","potentialAction":[{"@type":"ReadAction","target":["https:\/\/servicios.cnss.gob.do\/mes_seguridad_social_new\/maribel-k-justo-suarez\/"]}]},{"@type":"BreadcrumbList","@id":"https:\/\/servicios.cnss.gob.do\/mes_seguridad_social_new\/maribel-k-justo-suarez\/#breadcrumb","itemListElement":[{"@type":"ListItem","position":1,"name":"Portada","item":"https:\/\/servicios.cnss.gob.do\/mes_seguridad_social_new\/"},{"@type":"ListItem","position":2,"name":"Maribel K. Justo Su\u00e1rez"}]},{"@type":"WebSite","@id":"https:\/\/servicios.cnss.gob.do\/mes_seguridad_social_new\/#website","url":"https:\/\/servicios.cnss.gob.do\/mes_seguridad_social_new\/","name":"Mes de la Seguridad Social","description":"","publisher":{"@id":"https:\/\/servicios.cnss.gob.do\/mes_seguridad_social_new\/#organization"},"potentialAction":[{"@type":"SearchAction","target":{"@type":"EntryPoint","urlTemplate":"https:\/\/servicios.cnss.gob.do\/mes_seguridad_social_new\/?s={search_term_string}"},"query-input":"required name=search_term_string"}],"inLanguage":"es"},{"@type":"Organization","@id":"https:\/\/servicios.cnss.gob.do\/mes_seguridad_social_new\/#organization","name":"Mes de la Seguridad Social","url":"https:\/\/servicios.cnss.gob.do\/mes_seguridad_social_new\/","logo":{"@type":"ImageObject","inLanguage":"es","@id":"https:\/\/servicios.cnss.gob.do\/mes_seguridad_social_new\/#\/schema\/logo\/image\/","url":"https:\/\/servicios.cnss.gob.do\/mes_seguridad_social_new\/wp-content\/uploads\/2023\/04\/cropped-Semana-de-la-SS-2023-logo-2-01-1.jpg","contentUrl":"https:\/\/servicios.cnss.gob.do\/mes_seguridad_social_new\/wp-content\/uploads\/2023\/04\/cropped-Semana-de-la-SS-2023-logo-2-01-1.jpg","width":1373,"height":1316,"caption":"Mes de la Seguridad Social"},"image":{"@id":"https:\/\/servicios.cnss.gob.do\/mes_seguridad_social_new\/#\/schema\/logo\/image\/"}}]}},"_links":{"self":[{"href":"https:\/\/servicios.cnss.gob.do\/mes_seguridad_social_new\/wp-json\/wp\/v2\/pages\/2384","targetHints":{"allow":["GET"]}}],"collection":[{"href":"https:\/\/servicios.cnss.gob.do\/mes_seguridad_social_new\/wp-json\/wp\/v2\/pages"}],"about":[{"href":"https:\/\/servicios.cnss.gob.do\/mes_seguridad_social_new\/wp-json\/wp\/v2\/types\/page"}],"author":[{"embeddable":true,"href":"https:\/\/servicios.cnss.gob.do\/mes_seguridad_social_new\/wp-json\/wp\/v2\/users\/1"}],"replies":[{"embeddable":true,"href":"https:\/\/servicios.cnss.gob.do\/mes_seguridad_social_new\/wp-json\/wp\/v2\/comments?post=2384"}],"version-history":[{"count":2,"href":"https:\/\/servicios.cnss.gob.do\/mes_seguridad_social_new\/wp-json\/wp\/v2\/pages\/2384\/revisions"}],"predecessor-version":[{"id":2389,"href":"https:\/\/servicios.cnss.gob.do\/mes_seguridad_social_new\/wp-json\/wp\/v2\/pages\/2384\/revisions\/2389"}],"wp:featuredmedia":[{"embeddable":true,"href":"https:\/\/servicios.cnss.gob.do\/mes_seguridad_social_new\/wp-json\/wp\/v2\/media\/2292"}],"wp:attachment":[{"href":"https:\/\/servicios.cnss.gob.do\/mes_seguridad_social_new\/wp-json\/wp\/v2\/media?parent=2384"}],"curies":[{"name":"wp","href":"https:\/\/api.w.org\/{rel}","templated":true}]}}