{"id":2417,"date":"2023-05-03T20:10:45","date_gmt":"2023-05-03T20:10:45","guid":{"rendered":"https:\/\/servicios.cnss.gob.do\/mes_seguridad_social_new\/?page_id=2417"},"modified":"2023-05-03T20:10:47","modified_gmt":"2023-05-03T20:10:47","slug":"laura-pena-izquierdo","status":"publish","type":"page","link":"https:\/\/servicios.cnss.gob.do\/mes_seguridad_social_new\/laura-pena-izquierdo\/","title":{"rendered":"LAURA PE\u00d1A IZQUIERDO."},"content":{"rendered":"\n<p><strong>Es presidenta de la Junta Directiva de la Confederaci\u00f3n Patronal de la Rep\u00fablica Dominicana (Copardom) para el periodo 2023-2025.<\/strong><\/p>\n\n\n\n<p><strong>Laura realiza una labor productiva y permanente en gremios, asociaciones e instituciones sin fines de lucro. Es miembro del Consejo Nacional de la Seguridad Social representando al Consejo Nacional de la Empresa Privada (Conep) por el periodo 2021-2023; tesorera en APEC (2021-2023); miembro independiente del Consejo Nacional de la Bolsa de Valores de la Rep\u00fablica Dominicana, cargo que ejerce desde el a\u00f1o 2019; miembro de la directiva de la Asociaci\u00f3n Dominicana de Corredores de Seguros (Adocose) desde el a\u00f1o 2015.&nbsp;<\/strong><\/p>\n\n\n\n<p><strong>Fue presidenta de la Asociaci\u00f3n Nacional de J\u00f3venes Empresarios -ANJE- (2013-2014), en cuya gesti\u00f3n se firm\u00f3 el Pacto por una Educaci\u00f3n de Calidad y se promovi\u00f3 el Foro de Electricidad que sirvi\u00f3 como antesala al Pacto El\u00e9ctrico, ambos pactos forman parte de la Estrategia Nacional de Desarrollo 2030.<\/strong><\/p>\n\n\n\n<p><strong>Tambi\u00e9n, fue presidenta de la Asociaci\u00f3n Dominicana de Corredores de Seguros -ADOCOSE-(2007-2009); miembro de la Directiva del Instituto Salom\u00e9 Ure\u00f1a -Isfodosu-(2018-2022); miembro de la Junta Directiva del Consejo Nacional de la Empresa Privada \u2013 Conep-, representando al sector de Seguridad Social y compa\u00f1\u00edas de seguros desde el 2015 hasta el 2021. Tambi\u00e9n&nbsp;miembro de la junta directiva de la Confederaci\u00f3n Patronal del Rep\u00fablica Dominicana (COPARDOM) 2021-2023<\/strong><\/p>\n\n\n\n<p><strong>Fue miembro de la Junta Directiva de Centros APEC de Educaci\u00f3n a Distancia en los periodos 1999-2001,2003-2005, 2015-2017, 2017-2019; as\u00ed como de la directiva de APEC Cultural durante los periodos del 2007 al 2013 y de la directiva del Colegio APEC (1999-2001).<\/strong><\/p>\n\n\n\n<p><strong>Laura Pe\u00f1a Izquierdo es vicepresidenta ejecutiva \u2013 gerente general de Pe\u00f1a Izquierdo, Corredores de Seguros. Posee una licenciatura en Administraci\u00f3n de Empresas (Summa Cum Laude) por la Universidad Iberoamericana y cuenta con una maestr\u00eda en Ciencias de Seguros por la Universidad de Hartford en Connecticut y especializaci\u00f3n en Alta Direcci\u00f3n de Empresas por Barna Management School.<\/strong> <strong>Complementa su actividad empresarial y gremial como docente en el Diplomado de Seguros de Unibe y en la Maestr\u00eda de Administraci\u00f3n de Seguros de PUCMM<\/strong><\/p>\n","protected":false},"excerpt":{"rendered":"<p>Es presidenta de la Junta Directiva de la Confederaci\u00f3n Patronal de la Rep\u00fablica Dominicana (Copardom) para el periodo 2023-2025. Laura realiza una labor productiva y permanente en gremios, asociaciones e instituciones sin fines de lucro. Es miembro del Consejo Nacional de la Seguridad Social representando al Consejo Nacional de la Empresa Privada (Conep) por el periodo 2021-2023; tesorera en APEC&#8230;<\/p>\n","protected":false},"author":1,"featured_media":1594,"parent":0,"menu_order":0,"comment_status":"closed","ping_status":"closed","template":"","meta":{"_monsterinsights_skip_tracking":false,"_monsterinsights_sitenote_active":false,"_monsterinsights_sitenote_note":"","_monsterinsights_sitenote_category":0,"footnotes":""},"class_list":["post-2417","page","type-page","status-publish","has-post-thumbnail","hentry"],"yoast_head":"<!-- This site is optimized with the Yoast SEO plugin v20.2.1 - https:\/\/yoast.com\/wordpress\/plugins\/seo\/ -->\r\n<title>LAURA PE\u00d1A IZQUIERDO. - Mes de la Seguridad Social<\/title>\r\n<meta name=\"robots\" content=\"index, follow, max-snippet:-1, max-image-preview:large, max-video-preview:-1\" \/>\r\n<link rel=\"canonical\" href=\"https:\/\/servicios.cnss.gob.do\/mes_seguridad_social_new\/laura-pena-izquierdo\/\" \/>\r\n<meta property=\"og:locale\" content=\"es_ES\" \/>\r\n<meta property=\"og:type\" content=\"article\" \/>\r\n<meta property=\"og:title\" content=\"LAURA PE\u00d1A IZQUIERDO. - Mes de la Seguridad Social\" \/>\r\n<meta property=\"og:description\" content=\"Es presidenta de la Junta Directiva de la Confederaci\u00f3n Patronal de la Rep\u00fablica Dominicana (Copardom) para el periodo 2023-2025. Laura realiza una labor productiva y permanente en gremios, asociaciones e instituciones sin fines de lucro. Es miembro del Consejo Nacional de la Seguridad Social representando al Consejo Nacional de la Empresa Privada (Conep) por el periodo 2021-2023; tesorera en APEC...\" \/>\r\n<meta property=\"og:url\" content=\"https:\/\/servicios.cnss.gob.do\/mes_seguridad_social_new\/laura-pena-izquierdo\/\" \/>\r\n<meta property=\"og:site_name\" content=\"Mes de la Seguridad Social\" \/>\r\n<meta property=\"article:modified_time\" content=\"2023-05-03T20:10:47+00:00\" \/>\r\n<meta property=\"og:image\" content=\"https:\/\/servicios.cnss.gob.do\/mes_seguridad_social_new\/wp-content\/uploads\/2023\/04\/Laura-Pena.png\" \/>\r\n\t<meta property=\"og:image:width\" content=\"1080\" \/>\r\n\t<meta property=\"og:image:height\" content=\"1080\" \/>\r\n\t<meta property=\"og:image:type\" content=\"image\/png\" \/>\r\n<meta name=\"twitter:card\" content=\"summary_large_image\" \/>\r\n<meta name=\"twitter:label1\" content=\"Tiempo de lectura\" \/>\n\t<meta name=\"twitter:data1\" content=\"2 minutos\" \/>\r\n<script type=\"application\/ld+json\" class=\"yoast-schema-graph\">{\"@context\":\"https:\/\/schema.org\",\"@graph\":[{\"@type\":\"WebPage\",\"@id\":\"https:\/\/servicios.cnss.gob.do\/mes_seguridad_social_new\/laura-pena-izquierdo\/\",\"url\":\"https:\/\/servicios.cnss.gob.do\/mes_seguridad_social_new\/laura-pena-izquierdo\/\",\"name\":\"LAURA PE\u00d1A IZQUIERDO. - Mes de la Seguridad Social\",\"isPartOf\":{\"@id\":\"https:\/\/servicios.cnss.gob.do\/mes_seguridad_social_new\/#website\"},\"datePublished\":\"2023-05-03T20:10:45+00:00\",\"dateModified\":\"2023-05-03T20:10:47+00:00\",\"breadcrumb\":{\"@id\":\"https:\/\/servicios.cnss.gob.do\/mes_seguridad_social_new\/laura-pena-izquierdo\/#breadcrumb\"},\"inLanguage\":\"es\",\"potentialAction\":[{\"@type\":\"ReadAction\",\"target\":[\"https:\/\/servicios.cnss.gob.do\/mes_seguridad_social_new\/laura-pena-izquierdo\/\"]}]},{\"@type\":\"BreadcrumbList\",\"@id\":\"https:\/\/servicios.cnss.gob.do\/mes_seguridad_social_new\/laura-pena-izquierdo\/#breadcrumb\",\"itemListElement\":[{\"@type\":\"ListItem\",\"position\":1,\"name\":\"Portada\",\"item\":\"https:\/\/servicios.cnss.gob.do\/mes_seguridad_social_new\/\"},{\"@type\":\"ListItem\",\"position\":2,\"name\":\"LAURA PE\u00d1A IZQUIERDO.\"}]},{\"@type\":\"WebSite\",\"@id\":\"https:\/\/servicios.cnss.gob.do\/mes_seguridad_social_new\/#website\",\"url\":\"https:\/\/servicios.cnss.gob.do\/mes_seguridad_social_new\/\",\"name\":\"Mes de la Seguridad Social\",\"description\":\"\",\"publisher\":{\"@id\":\"https:\/\/servicios.cnss.gob.do\/mes_seguridad_social_new\/#organization\"},\"potentialAction\":[{\"@type\":\"SearchAction\",\"target\":{\"@type\":\"EntryPoint\",\"urlTemplate\":\"https:\/\/servicios.cnss.gob.do\/mes_seguridad_social_new\/?s={search_term_string}\"},\"query-input\":\"required name=search_term_string\"}],\"inLanguage\":\"es\"},{\"@type\":\"Organization\",\"@id\":\"https:\/\/servicios.cnss.gob.do\/mes_seguridad_social_new\/#organization\",\"name\":\"Mes de la Seguridad Social\",\"url\":\"https:\/\/servicios.cnss.gob.do\/mes_seguridad_social_new\/\",\"logo\":{\"@type\":\"ImageObject\",\"inLanguage\":\"es\",\"@id\":\"https:\/\/servicios.cnss.gob.do\/mes_seguridad_social_new\/#\/schema\/logo\/image\/\",\"url\":\"https:\/\/servicios.cnss.gob.do\/mes_seguridad_social_new\/wp-content\/uploads\/2023\/04\/cropped-Semana-de-la-SS-2023-logo-2-01-1.jpg\",\"contentUrl\":\"https:\/\/servicios.cnss.gob.do\/mes_seguridad_social_new\/wp-content\/uploads\/2023\/04\/cropped-Semana-de-la-SS-2023-logo-2-01-1.jpg\",\"width\":1373,\"height\":1316,\"caption\":\"Mes de la Seguridad Social\"},\"image\":{\"@id\":\"https:\/\/servicios.cnss.gob.do\/mes_seguridad_social_new\/#\/schema\/logo\/image\/\"}}]}<\/script>\r\n<!-- \/ Yoast SEO plugin. -->","yoast_head_json":{"title":"LAURA PE\u00d1A IZQUIERDO. - Mes de la Seguridad Social","robots":{"index":"index","follow":"follow","max-snippet":"max-snippet:-1","max-image-preview":"max-image-preview:large","max-video-preview":"max-video-preview:-1"},"canonical":"https:\/\/servicios.cnss.gob.do\/mes_seguridad_social_new\/laura-pena-izquierdo\/","og_locale":"es_ES","og_type":"article","og_title":"LAURA PE\u00d1A IZQUIERDO. - Mes de la Seguridad Social","og_description":"Es presidenta de la Junta Directiva de la Confederaci\u00f3n Patronal de la Rep\u00fablica Dominicana (Copardom) para el periodo 2023-2025. Laura realiza una labor productiva y permanente en gremios, asociaciones e instituciones sin fines de lucro. Es miembro del Consejo Nacional de la Seguridad Social representando al Consejo Nacional de la Empresa Privada (Conep) por el periodo 2021-2023; tesorera en APEC...","og_url":"https:\/\/servicios.cnss.gob.do\/mes_seguridad_social_new\/laura-pena-izquierdo\/","og_site_name":"Mes de la Seguridad Social","article_modified_time":"2023-05-03T20:10:47+00:00","og_image":[{"width":1080,"height":1080,"url":"https:\/\/servicios.cnss.gob.do\/mes_seguridad_social_new\/wp-content\/uploads\/2023\/04\/Laura-Pena.png","type":"image\/png"}],"twitter_card":"summary_large_image","twitter_misc":{"Tiempo de lectura":"2 minutos"},"schema":{"@context":"https:\/\/schema.org","@graph":[{"@type":"WebPage","@id":"https:\/\/servicios.cnss.gob.do\/mes_seguridad_social_new\/laura-pena-izquierdo\/","url":"https:\/\/servicios.cnss.gob.do\/mes_seguridad_social_new\/laura-pena-izquierdo\/","name":"LAURA PE\u00d1A IZQUIERDO. - Mes de la Seguridad Social","isPartOf":{"@id":"https:\/\/servicios.cnss.gob.do\/mes_seguridad_social_new\/#website"},"datePublished":"2023-05-03T20:10:45+00:00","dateModified":"2023-05-03T20:10:47+00:00","breadcrumb":{"@id":"https:\/\/servicios.cnss.gob.do\/mes_seguridad_social_new\/laura-pena-izquierdo\/#breadcrumb"},"inLanguage":"es","potentialAction":[{"@type":"ReadAction","target":["https:\/\/servicios.cnss.gob.do\/mes_seguridad_social_new\/laura-pena-izquierdo\/"]}]},{"@type":"BreadcrumbList","@id":"https:\/\/servicios.cnss.gob.do\/mes_seguridad_social_new\/laura-pena-izquierdo\/#breadcrumb","itemListElement":[{"@type":"ListItem","position":1,"name":"Portada","item":"https:\/\/servicios.cnss.gob.do\/mes_seguridad_social_new\/"},{"@type":"ListItem","position":2,"name":"LAURA PE\u00d1A IZQUIERDO."}]},{"@type":"WebSite","@id":"https:\/\/servicios.cnss.gob.do\/mes_seguridad_social_new\/#website","url":"https:\/\/servicios.cnss.gob.do\/mes_seguridad_social_new\/","name":"Mes de la Seguridad Social","description":"","publisher":{"@id":"https:\/\/servicios.cnss.gob.do\/mes_seguridad_social_new\/#organization"},"potentialAction":[{"@type":"SearchAction","target":{"@type":"EntryPoint","urlTemplate":"https:\/\/servicios.cnss.gob.do\/mes_seguridad_social_new\/?s={search_term_string}"},"query-input":"required name=search_term_string"}],"inLanguage":"es"},{"@type":"Organization","@id":"https:\/\/servicios.cnss.gob.do\/mes_seguridad_social_new\/#organization","name":"Mes de la Seguridad Social","url":"https:\/\/servicios.cnss.gob.do\/mes_seguridad_social_new\/","logo":{"@type":"ImageObject","inLanguage":"es","@id":"https:\/\/servicios.cnss.gob.do\/mes_seguridad_social_new\/#\/schema\/logo\/image\/","url":"https:\/\/servicios.cnss.gob.do\/mes_seguridad_social_new\/wp-content\/uploads\/2023\/04\/cropped-Semana-de-la-SS-2023-logo-2-01-1.jpg","contentUrl":"https:\/\/servicios.cnss.gob.do\/mes_seguridad_social_new\/wp-content\/uploads\/2023\/04\/cropped-Semana-de-la-SS-2023-logo-2-01-1.jpg","width":1373,"height":1316,"caption":"Mes de la Seguridad Social"},"image":{"@id":"https:\/\/servicios.cnss.gob.do\/mes_seguridad_social_new\/#\/schema\/logo\/image\/"}}]}},"_links":{"self":[{"href":"https:\/\/servicios.cnss.gob.do\/mes_seguridad_social_new\/wp-json\/wp\/v2\/pages\/2417","targetHints":{"allow":["GET"]}}],"collection":[{"href":"https:\/\/servicios.cnss.gob.do\/mes_seguridad_social_new\/wp-json\/wp\/v2\/pages"}],"about":[{"href":"https:\/\/servicios.cnss.gob.do\/mes_seguridad_social_new\/wp-json\/wp\/v2\/types\/page"}],"author":[{"embeddable":true,"href":"https:\/\/servicios.cnss.gob.do\/mes_seguridad_social_new\/wp-json\/wp\/v2\/users\/1"}],"replies":[{"embeddable":true,"href":"https:\/\/servicios.cnss.gob.do\/mes_seguridad_social_new\/wp-json\/wp\/v2\/comments?post=2417"}],"version-history":[{"count":1,"href":"https:\/\/servicios.cnss.gob.do\/mes_seguridad_social_new\/wp-json\/wp\/v2\/pages\/2417\/revisions"}],"predecessor-version":[{"id":2418,"href":"https:\/\/servicios.cnss.gob.do\/mes_seguridad_social_new\/wp-json\/wp\/v2\/pages\/2417\/revisions\/2418"}],"wp:featuredmedia":[{"embeddable":true,"href":"https:\/\/servicios.cnss.gob.do\/mes_seguridad_social_new\/wp-json\/wp\/v2\/media\/1594"}],"wp:attachment":[{"href":"https:\/\/servicios.cnss.gob.do\/mes_seguridad_social_new\/wp-json\/wp\/v2\/media?parent=2417"}],"curies":[{"name":"wp","href":"https:\/\/api.w.org\/{rel}","templated":true}]}}